

{"id":168566,"date":"2019-10-13T23:54:21","date_gmt":"2019-10-13T21:54:21","guid":{"rendered":"https:\/\/www.alucomfort.be\/product\/butee-de-parking\/"},"modified":"2025-11-14T00:00:26","modified_gmt":"2025-11-13T22:00:26","slug":"butee-de-parking","status":"publish","type":"product","link":"https:\/\/www.alucomfort.be\/fr\/product\/butee-de-parking\/","title":{"rendered":"But\u00e9e de parking"},"content":{"rendered":"<p>* De caoutchouc, * Avec 4 trous, * Noir avec folie jaune r\u00e9fl\u00e9chissante, * Delai de livraison: plus au moins 5 jours.<\/p>\n","protected":false},"excerpt":{"rendered":"<p>But\u00e9e de parking frontale et lat\u00e9rale.<\/p>\n","protected":false},"featured_media":50512,"template":"","meta":{"_acf_changed":false},"product_brand":[],"product_cat":[7950],"product_tag":[],"class_list":{"0":"post-168566","1":"product","2":"type-product","3":"status-publish","4":"has-post-thumbnail","6":"product_cat-amenagement-de-parking","8":"first","9":"outofstock","10":"taxable","11":"shipping-taxable","12":"purchasable","13":"product-type-variable"},"acf":[],"yoast_head":"<!-- This site is optimized with the Yoast SEO plugin v24.8.1 - https:\/\/yoast.com\/wordpress\/plugins\/seo\/ -->\n<title>But\u00e9e de parking<\/title>\n<meta name=\"description\" content=\"But\u00e9e de parking frontale et lat\u00e9rale.\" \/>\n<meta name=\"robots\" content=\"index, follow, max-snippet:-1, max-image-preview:large, max-video-preview:-1\" \/>\n<link rel=\"canonical\" href=\"https:\/\/www.alucomfort.be\/product\/parkeerplaatsbegrenzing\/\" \/>\n<meta property=\"og:locale\" content=\"fr_FR\" \/>\n<meta property=\"og:type\" content=\"article\" \/>\n<meta property=\"og:title\" content=\"But\u00e9e de parking\" \/>\n<meta property=\"og:description\" content=\"But\u00e9e de parking frontale et lat\u00e9rale.\" \/>\n<meta property=\"og:url\" content=\"https:\/\/www.alucomfort.be\/product\/parkeerplaatsbegrenzing\/\" \/>\n<meta property=\"og:site_name\" content=\"Alu Comfort\" \/>\n<meta property=\"article:modified_time\" content=\"2025-11-13T22:00:26+00:00\" \/>\n<meta property=\"og:image\" content=\"https:\/\/www.alucomfort.be\/wp-content\/uploads\/DC-PS-1-683x1024.jpg\" \/>\n\t<meta property=\"og:image:width\" content=\"683\" \/>\n\t<meta property=\"og:image:height\" content=\"1024\" \/>\n\t<meta property=\"og:image:type\" content=\"image\/jpeg\" \/>\n<meta name=\"twitter:card\" content=\"summary_large_image\" \/>\n<script type=\"application\/ld+json\" class=\"yoast-schema-graph\">{\"@context\":\"https:\/\/schema.org\",\"@graph\":[{\"@type\":\"WebPage\",\"@id\":\"https:\/\/www.alucomfort.be\/product\/parkeerplaatsbegrenzing\/\",\"url\":\"https:\/\/www.alucomfort.be\/product\/parkeerplaatsbegrenzing\/\",\"name\":\"But\u00e9e de parking\",\"isPartOf\":{\"@id\":\"https:\/\/www.alucomfort.be\/#website\"},\"primaryImageOfPage\":{\"@id\":\"https:\/\/www.alucomfort.be\/product\/parkeerplaatsbegrenzing\/#primaryimage\"},\"image\":{\"@id\":\"https:\/\/www.alucomfort.be\/product\/parkeerplaatsbegrenzing\/#primaryimage\"},\"thumbnailUrl\":\"https:\/\/www.alucomfort.be\/wp-content\/uploads\/DC-PS-1.jpg\",\"datePublished\":\"2019-10-13T21:54:21+00:00\",\"dateModified\":\"2025-11-13T22:00:26+00:00\",\"description\":\"But\u00e9e de parking frontale et lat\u00e9rale.\",\"breadcrumb\":{\"@id\":\"https:\/\/www.alucomfort.be\/product\/parkeerplaatsbegrenzing\/#breadcrumb\"},\"inLanguage\":\"fr-FR\",\"potentialAction\":[{\"@type\":\"ReadAction\",\"target\":[\"https:\/\/www.alucomfort.be\/product\/parkeerplaatsbegrenzing\/\"]}]},{\"@type\":\"ImageObject\",\"inLanguage\":\"fr-FR\",\"@id\":\"https:\/\/www.alucomfort.be\/product\/parkeerplaatsbegrenzing\/#primaryimage\",\"url\":\"https:\/\/www.alucomfort.be\/wp-content\/uploads\/DC-PS-1.jpg\",\"contentUrl\":\"https:\/\/www.alucomfort.be\/wp-content\/uploads\/DC-PS-1.jpg\",\"width\":3456,\"height\":5184,\"caption\":\"Parkeerstop\"},{\"@type\":\"BreadcrumbList\",\"@id\":\"https:\/\/www.alucomfort.be\/product\/parkeerplaatsbegrenzing\/#breadcrumb\",\"itemListElement\":[{\"@type\":\"ListItem\",\"position\":1,\"name\":\"Home\",\"item\":\"https:\/\/www.alucomfort.be\/fr\/\"},{\"@type\":\"ListItem\",\"position\":2,\"name\":\"Producten\",\"item\":\"https:\/\/www.alucomfort.be\/producten\/\"},{\"@type\":\"ListItem\",\"position\":3,\"name\":\"But\u00e9e de parking\"}]},{\"@type\":\"WebSite\",\"@id\":\"https:\/\/www.alucomfort.be\/#website\",\"url\":\"https:\/\/www.alucomfort.be\/\",\"name\":\"Alu Comfort\",\"description\":\"\",\"potentialAction\":[{\"@type\":\"SearchAction\",\"target\":{\"@type\":\"EntryPoint\",\"urlTemplate\":\"https:\/\/www.alucomfort.be\/?s={search_term_string}\"},\"query-input\":{\"@type\":\"PropertyValueSpecification\",\"valueRequired\":true,\"valueName\":\"search_term_string\"}}],\"inLanguage\":\"fr-FR\"}]}<\/script>\n<!-- \/ Yoast SEO plugin. -->","yoast_head_json":{"title":"But\u00e9e de parking","description":"But\u00e9e de parking frontale et lat\u00e9rale.","robots":{"index":"index","follow":"follow","max-snippet":"max-snippet:-1","max-image-preview":"max-image-preview:large","max-video-preview":"max-video-preview:-1"},"canonical":"https:\/\/www.alucomfort.be\/product\/parkeerplaatsbegrenzing\/","og_locale":"fr_FR","og_type":"article","og_title":"But\u00e9e de parking","og_description":"But\u00e9e de parking frontale et lat\u00e9rale.","og_url":"https:\/\/www.alucomfort.be\/product\/parkeerplaatsbegrenzing\/","og_site_name":"Alu Comfort","article_modified_time":"2025-11-13T22:00:26+00:00","og_image":[{"width":683,"height":1024,"url":"https:\/\/www.alucomfort.be\/wp-content\/uploads\/DC-PS-1-683x1024.jpg","type":"image\/jpeg"}],"twitter_card":"summary_large_image","schema":{"@context":"https:\/\/schema.org","@graph":[{"@type":"WebPage","@id":"https:\/\/www.alucomfort.be\/product\/parkeerplaatsbegrenzing\/","url":"https:\/\/www.alucomfort.be\/product\/parkeerplaatsbegrenzing\/","name":"But\u00e9e de parking","isPartOf":{"@id":"https:\/\/www.alucomfort.be\/#website"},"primaryImageOfPage":{"@id":"https:\/\/www.alucomfort.be\/product\/parkeerplaatsbegrenzing\/#primaryimage"},"image":{"@id":"https:\/\/www.alucomfort.be\/product\/parkeerplaatsbegrenzing\/#primaryimage"},"thumbnailUrl":"https:\/\/www.alucomfort.be\/wp-content\/uploads\/DC-PS-1.jpg","datePublished":"2019-10-13T21:54:21+00:00","dateModified":"2025-11-13T22:00:26+00:00","description":"But\u00e9e de parking frontale et lat\u00e9rale.","breadcrumb":{"@id":"https:\/\/www.alucomfort.be\/product\/parkeerplaatsbegrenzing\/#breadcrumb"},"inLanguage":"fr-FR","potentialAction":[{"@type":"ReadAction","target":["https:\/\/www.alucomfort.be\/product\/parkeerplaatsbegrenzing\/"]}]},{"@type":"ImageObject","inLanguage":"fr-FR","@id":"https:\/\/www.alucomfort.be\/product\/parkeerplaatsbegrenzing\/#primaryimage","url":"https:\/\/www.alucomfort.be\/wp-content\/uploads\/DC-PS-1.jpg","contentUrl":"https:\/\/www.alucomfort.be\/wp-content\/uploads\/DC-PS-1.jpg","width":3456,"height":5184,"caption":"Parkeerstop"},{"@type":"BreadcrumbList","@id":"https:\/\/www.alucomfort.be\/product\/parkeerplaatsbegrenzing\/#breadcrumb","itemListElement":[{"@type":"ListItem","position":1,"name":"Home","item":"https:\/\/www.alucomfort.be\/fr\/"},{"@type":"ListItem","position":2,"name":"Producten","item":"https:\/\/www.alucomfort.be\/producten\/"},{"@type":"ListItem","position":3,"name":"But\u00e9e de parking"}]},{"@type":"WebSite","@id":"https:\/\/www.alucomfort.be\/#website","url":"https:\/\/www.alucomfort.be\/","name":"Alu Comfort","description":"","potentialAction":[{"@type":"SearchAction","target":{"@type":"EntryPoint","urlTemplate":"https:\/\/www.alucomfort.be\/?s={search_term_string}"},"query-input":{"@type":"PropertyValueSpecification","valueRequired":true,"valueName":"search_term_string"}}],"inLanguage":"fr-FR"}]}},"_links":{"self":[{"href":"https:\/\/www.alucomfort.be\/fr\/wp-json\/wp\/v2\/product\/168566","targetHints":{"allow":["GET"]}}],"collection":[{"href":"https:\/\/www.alucomfort.be\/fr\/wp-json\/wp\/v2\/product"}],"about":[{"href":"https:\/\/www.alucomfort.be\/fr\/wp-json\/wp\/v2\/types\/product"}],"wp:featuredmedia":[{"embeddable":true,"href":"https:\/\/www.alucomfort.be\/fr\/wp-json\/wp\/v2\/media\/50512"}],"wp:attachment":[{"href":"https:\/\/www.alucomfort.be\/fr\/wp-json\/wp\/v2\/media?parent=168566"}],"wp:term":[{"taxonomy":"product_brand","embeddable":true,"href":"https:\/\/www.alucomfort.be\/fr\/wp-json\/wp\/v2\/product_brand?post=168566"},{"taxonomy":"product_cat","embeddable":true,"href":"https:\/\/www.alucomfort.be\/fr\/wp-json\/wp\/v2\/product_cat?post=168566"},{"taxonomy":"product_tag","embeddable":true,"href":"https:\/\/www.alucomfort.be\/fr\/wp-json\/wp\/v2\/product_tag?post=168566"}],"curies":[{"name":"wp","href":"https:\/\/api.w.org\/{rel}","templated":true}]}}

Butée de parking

<p>* De caoutchouc, * Avec 4 trous, * Noir avec folie jaune réfléchissante, * Delai de livraison: plus au moins 5 jours.</p>

<p>Butée de parking frontale et latérale.</p>

<!-- This site is optimized with the Yoast SEO plugin v24.8.1 - https://yoast.com/wordpress/plugins/seo/ -->
<title>Butée de parking</title>
<meta name="description" content="Butée de parking frontale et latérale." />
<meta name="robots" content="index, follow, max-snippet:-1, max-image-preview:large, max-video-preview:-1" />
<link rel="canonical" href="https://www.alucomfort.be/product/parkeerplaatsbegrenzing/" />
<meta property="og:locale" content="fr_FR" />
<meta property="og:type" content="article" />
<meta property="og:title" content="Butée de parking" />
<meta property="og:description" content="Butée de parking frontale et latérale." />
<meta property="og:url" content="https://www.alucomfort.be/product/parkeerplaatsbegrenzing/" />
<meta property="og:site_name" content="Alu Comfort" />
<meta property="article:modified_time" content="2025-11-13T22:00:26+00:00" />
<meta property="og:image" content="https://www.alucomfort.be/wp-content/uploads/DC-PS-1-683x1024.jpg" />
	<meta property="og:image:width" content="683" />
	<meta property="og:image:height" content="1024" />
	<meta property="og:image:type" content="image/jpeg" />
<meta name="twitter:card" content="summary_large_image" />
<script type="application/ld+json" class="yoast-schema-graph">{"@context":"https://schema.org","@graph":[{"@type":"WebPage","@id":"https://www.alucomfort.be/product/parkeerplaatsbegrenzing/","url":"https://www.alucomfort.be/product/parkeerplaatsbegrenzing/","name":"Butée de parking","isPartOf":{"@id":"https://www.alucomfort.be/#website"},"primaryImageOfPage":{"@id":"https://www.alucomfort.be/product/parkeerplaatsbegrenzing/#primaryimage"},"image":{"@id":"https://www.alucomfort.be/product/parkeerplaatsbegrenzing/#primaryimage"},"thumbnailUrl":"https://www.alucomfort.be/wp-content/uploads/DC-PS-1.jpg","datePublished":"2019-10-13T21:54:21+00:00","dateModified":"2025-11-13T22:00:26+00:00","description":"Butée de parking frontale et latérale.","breadcrumb":{"@id":"https://www.alucomfort.be/product/parkeerplaatsbegrenzing/#breadcrumb"},"inLanguage":"fr-FR","potentialAction":[{"@type":"ReadAction","target":["https://www.alucomfort.be/product/parkeerplaatsbegrenzing/"]}]},{"@type":"ImageObject","inLanguage":"fr-FR","@id":"https://www.alucomfort.be/product/parkeerplaatsbegrenzing/#primaryimage","url":"https://www.alucomfort.be/wp-content/uploads/DC-PS-1.jpg","contentUrl":"https://www.alucomfort.be/wp-content/uploads/DC-PS-1.jpg","width":3456,"height":5184,"caption":"Parkeerstop"},{"@type":"BreadcrumbList","@id":"https://www.alucomfort.be/product/parkeerplaatsbegrenzing/#breadcrumb","itemListElement":[{"@type":"ListItem","position":1,"name":"Home","item":"https://www.alucomfort.be/fr/"},{"@type":"ListItem","position":2,"name":"Producten","item":"https://www.alucomfort.be/producten/"},{"@type":"ListItem","position":3,"name":"Butée de parking"}]},{"@type":"WebSite","@id":"https://www.alucomfort.be/#website","url":"https://www.alucomfort.be/","name":"Alu Comfort","description":"","potentialAction":[{"@type":"SearchAction","target":{"@type":"EntryPoint","urlTemplate":"https://www.alucomfort.be/?s={search_term_string}"},"query-input":{"@type":"PropertyValueSpecification","valueRequired":true,"valueName":"search_term_string"}}],"inLanguage":"fr-FR"}]}</script>
<!-- / Yoast SEO plugin. -->

Butée de parking frontale et latérale.
