

{"id":211053,"date":"2021-01-19T21:57:56","date_gmt":"2021-01-19T19:57:56","guid":{"rendered":"https:\/\/www.alucomfort.be\/product\/chariot-pour-palette-hauteur-reglable-eur\/"},"modified":"2022-06-30T16:53:30","modified_gmt":"2022-06-30T14:53:30","slug":"chariot-pour-palette-hauteur-reglable-eur","status":"publish","type":"product","link":"https:\/\/www.alucomfort.be\/fr\/product\/chariot-pour-palette-hauteur-reglable-eur\/","title":{"rendered":"Chariot pour vos palettes norme Europe avec hauteur r\u00e9glable"},"content":{"rendered":"<p>* Pour le d\u00e9placement de vos palettes norme Europe, * Dim: 1200 x 800 x 655 mm, * Hauteur r\u00e9glable 655-830 mm, * Rev\u00eatement thermolaqu\u00e9 et soud\u00e9 , disponible en plusieurs couleurs (rouge et bleu), * 2 roues fixes et 2 pivotantes en caoutchouc solider 200 x 50 mm, * Avec freins et sans freins, * Cap: 800 kg,  * En option avec poign\u00e9e, * Delai de livraison: plus au moins 8 jours.<\/p>\n","protected":false},"excerpt":{"rendered":"<p>Chariot pour palette &#8211; Hauteur r\u00e9glable &#8211; Pour le d\u00e9placement de vos palettes norme Europe<\/p>\n","protected":false},"featured_media":210858,"template":"","meta":{"_acf_changed":false},"product_brand":[],"product_cat":[8657],"product_tag":[],"class_list":{"0":"post-211053","1":"product","2":"type-product","3":"status-publish","4":"has-post-thumbnail","6":"product_cat-chariot-pour-palettes","8":"first","9":"outofstock","10":"taxable","11":"shipping-taxable","12":"purchasable","13":"product-type-variable"},"acf":[],"yoast_head":"<!-- This site is optimized with the Yoast SEO plugin v24.8.1 - https:\/\/yoast.com\/wordpress\/plugins\/seo\/ -->\n<title>Chariot pour palette | Alu Comfort |Votre partenaire pour tous les materiaux!<\/title>\n<meta name=\"description\" content=\"Pour le d\u00e9placement rapide de vos palettes norme Europe. Contactez-Nous!\" \/>\n<meta name=\"robots\" content=\"index, follow, max-snippet:-1, max-image-preview:large, max-video-preview:-1\" \/>\n<link rel=\"canonical\" href=\"https:\/\/www.alucomfort.be\/product\/onderwagen-voor-europallets-in-hoogte-verstelbare-versie\/\" \/>\n<meta property=\"og:locale\" content=\"fr_FR\" \/>\n<meta property=\"og:type\" content=\"article\" \/>\n<meta property=\"og:title\" content=\"Chariot pour palette | Alu Comfort |Votre partenaire pour tous les materiaux!\" \/>\n<meta property=\"og:description\" content=\"Pour le d\u00e9placement rapide de vos palettes norme Europe. Contactez-Nous!\" \/>\n<meta property=\"og:url\" content=\"https:\/\/www.alucomfort.be\/product\/onderwagen-voor-europallets-in-hoogte-verstelbare-versie\/\" \/>\n<meta property=\"og:site_name\" content=\"Alu Comfort\" \/>\n<meta property=\"article:modified_time\" content=\"2022-06-30T14:53:30+00:00\" \/>\n<meta property=\"og:image\" content=\"https:\/\/www.alucomfort.be\/wp-content\/uploads\/Palletkar.jpg\" \/>\n\t<meta property=\"og:image:width\" content=\"1920\" \/>\n\t<meta property=\"og:image:height\" content=\"1690\" \/>\n\t<meta property=\"og:image:type\" content=\"image\/jpeg\" \/>\n<meta name=\"twitter:card\" content=\"summary_large_image\" \/>\n<script type=\"application\/ld+json\" class=\"yoast-schema-graph\">{\"@context\":\"https:\/\/schema.org\",\"@graph\":[{\"@type\":\"WebPage\",\"@id\":\"https:\/\/www.alucomfort.be\/product\/onderwagen-voor-europallets-in-hoogte-verstelbare-versie\/\",\"url\":\"https:\/\/www.alucomfort.be\/product\/onderwagen-voor-europallets-in-hoogte-verstelbare-versie\/\",\"name\":\"Chariot pour palette | Alu Comfort |Votre partenaire pour tous les materiaux!\",\"isPartOf\":{\"@id\":\"https:\/\/www.alucomfort.be\/#website\"},\"primaryImageOfPage\":{\"@id\":\"https:\/\/www.alucomfort.be\/product\/onderwagen-voor-europallets-in-hoogte-verstelbare-versie\/#primaryimage\"},\"image\":{\"@id\":\"https:\/\/www.alucomfort.be\/product\/onderwagen-voor-europallets-in-hoogte-verstelbare-versie\/#primaryimage\"},\"thumbnailUrl\":\"https:\/\/www.alucomfort.be\/wp-content\/uploads\/Palletkar.jpg\",\"datePublished\":\"2021-01-19T19:57:56+00:00\",\"dateModified\":\"2022-06-30T14:53:30+00:00\",\"description\":\"Pour le d\u00e9placement rapide de vos palettes norme Europe. Contactez-Nous!\",\"breadcrumb\":{\"@id\":\"https:\/\/www.alucomfort.be\/product\/onderwagen-voor-europallets-in-hoogte-verstelbare-versie\/#breadcrumb\"},\"inLanguage\":\"fr-FR\",\"potentialAction\":[{\"@type\":\"ReadAction\",\"target\":[\"https:\/\/www.alucomfort.be\/product\/onderwagen-voor-europallets-in-hoogte-verstelbare-versie\/\"]}]},{\"@type\":\"ImageObject\",\"inLanguage\":\"fr-FR\",\"@id\":\"https:\/\/www.alucomfort.be\/product\/onderwagen-voor-europallets-in-hoogte-verstelbare-versie\/#primaryimage\",\"url\":\"https:\/\/www.alucomfort.be\/wp-content\/uploads\/Palletkar.jpg\",\"contentUrl\":\"https:\/\/www.alucomfort.be\/wp-content\/uploads\/Palletkar.jpg\",\"width\":1920,\"height\":1690,\"caption\":\"Palletkar\"},{\"@type\":\"BreadcrumbList\",\"@id\":\"https:\/\/www.alucomfort.be\/product\/onderwagen-voor-europallets-in-hoogte-verstelbare-versie\/#breadcrumb\",\"itemListElement\":[{\"@type\":\"ListItem\",\"position\":1,\"name\":\"Home\",\"item\":\"https:\/\/www.alucomfort.be\/fr\/\"},{\"@type\":\"ListItem\",\"position\":2,\"name\":\"Producten\",\"item\":\"https:\/\/www.alucomfort.be\/producten\/\"},{\"@type\":\"ListItem\",\"position\":3,\"name\":\"Chariot pour vos palettes norme Europe avec hauteur r\u00e9glable\"}]},{\"@type\":\"WebSite\",\"@id\":\"https:\/\/www.alucomfort.be\/#website\",\"url\":\"https:\/\/www.alucomfort.be\/\",\"name\":\"Alu Comfort\",\"description\":\"\",\"potentialAction\":[{\"@type\":\"SearchAction\",\"target\":{\"@type\":\"EntryPoint\",\"urlTemplate\":\"https:\/\/www.alucomfort.be\/?s={search_term_string}\"},\"query-input\":{\"@type\":\"PropertyValueSpecification\",\"valueRequired\":true,\"valueName\":\"search_term_string\"}}],\"inLanguage\":\"fr-FR\"}]}<\/script>\n<!-- \/ Yoast SEO plugin. -->","yoast_head_json":{"title":"Chariot pour palette | Alu Comfort |Votre partenaire pour tous les materiaux!","description":"Pour le d\u00e9placement rapide de vos palettes norme Europe. Contactez-Nous!","robots":{"index":"index","follow":"follow","max-snippet":"max-snippet:-1","max-image-preview":"max-image-preview:large","max-video-preview":"max-video-preview:-1"},"canonical":"https:\/\/www.alucomfort.be\/product\/onderwagen-voor-europallets-in-hoogte-verstelbare-versie\/","og_locale":"fr_FR","og_type":"article","og_title":"Chariot pour palette | Alu Comfort |Votre partenaire pour tous les materiaux!","og_description":"Pour le d\u00e9placement rapide de vos palettes norme Europe. Contactez-Nous!","og_url":"https:\/\/www.alucomfort.be\/product\/onderwagen-voor-europallets-in-hoogte-verstelbare-versie\/","og_site_name":"Alu Comfort","article_modified_time":"2022-06-30T14:53:30+00:00","og_image":[{"width":1920,"height":1690,"url":"https:\/\/www.alucomfort.be\/wp-content\/uploads\/Palletkar.jpg","type":"image\/jpeg"}],"twitter_card":"summary_large_image","schema":{"@context":"https:\/\/schema.org","@graph":[{"@type":"WebPage","@id":"https:\/\/www.alucomfort.be\/product\/onderwagen-voor-europallets-in-hoogte-verstelbare-versie\/","url":"https:\/\/www.alucomfort.be\/product\/onderwagen-voor-europallets-in-hoogte-verstelbare-versie\/","name":"Chariot pour palette | Alu Comfort |Votre partenaire pour tous les materiaux!","isPartOf":{"@id":"https:\/\/www.alucomfort.be\/#website"},"primaryImageOfPage":{"@id":"https:\/\/www.alucomfort.be\/product\/onderwagen-voor-europallets-in-hoogte-verstelbare-versie\/#primaryimage"},"image":{"@id":"https:\/\/www.alucomfort.be\/product\/onderwagen-voor-europallets-in-hoogte-verstelbare-versie\/#primaryimage"},"thumbnailUrl":"https:\/\/www.alucomfort.be\/wp-content\/uploads\/Palletkar.jpg","datePublished":"2021-01-19T19:57:56+00:00","dateModified":"2022-06-30T14:53:30+00:00","description":"Pour le d\u00e9placement rapide de vos palettes norme Europe. Contactez-Nous!","breadcrumb":{"@id":"https:\/\/www.alucomfort.be\/product\/onderwagen-voor-europallets-in-hoogte-verstelbare-versie\/#breadcrumb"},"inLanguage":"fr-FR","potentialAction":[{"@type":"ReadAction","target":["https:\/\/www.alucomfort.be\/product\/onderwagen-voor-europallets-in-hoogte-verstelbare-versie\/"]}]},{"@type":"ImageObject","inLanguage":"fr-FR","@id":"https:\/\/www.alucomfort.be\/product\/onderwagen-voor-europallets-in-hoogte-verstelbare-versie\/#primaryimage","url":"https:\/\/www.alucomfort.be\/wp-content\/uploads\/Palletkar.jpg","contentUrl":"https:\/\/www.alucomfort.be\/wp-content\/uploads\/Palletkar.jpg","width":1920,"height":1690,"caption":"Palletkar"},{"@type":"BreadcrumbList","@id":"https:\/\/www.alucomfort.be\/product\/onderwagen-voor-europallets-in-hoogte-verstelbare-versie\/#breadcrumb","itemListElement":[{"@type":"ListItem","position":1,"name":"Home","item":"https:\/\/www.alucomfort.be\/fr\/"},{"@type":"ListItem","position":2,"name":"Producten","item":"https:\/\/www.alucomfort.be\/producten\/"},{"@type":"ListItem","position":3,"name":"Chariot pour vos palettes norme Europe avec hauteur r\u00e9glable"}]},{"@type":"WebSite","@id":"https:\/\/www.alucomfort.be\/#website","url":"https:\/\/www.alucomfort.be\/","name":"Alu Comfort","description":"","potentialAction":[{"@type":"SearchAction","target":{"@type":"EntryPoint","urlTemplate":"https:\/\/www.alucomfort.be\/?s={search_term_string}"},"query-input":{"@type":"PropertyValueSpecification","valueRequired":true,"valueName":"search_term_string"}}],"inLanguage":"fr-FR"}]}},"_links":{"self":[{"href":"https:\/\/www.alucomfort.be\/fr\/wp-json\/wp\/v2\/product\/211053","targetHints":{"allow":["GET"]}}],"collection":[{"href":"https:\/\/www.alucomfort.be\/fr\/wp-json\/wp\/v2\/product"}],"about":[{"href":"https:\/\/www.alucomfort.be\/fr\/wp-json\/wp\/v2\/types\/product"}],"wp:featuredmedia":[{"embeddable":true,"href":"https:\/\/www.alucomfort.be\/fr\/wp-json\/wp\/v2\/media\/210858"}],"wp:attachment":[{"href":"https:\/\/www.alucomfort.be\/fr\/wp-json\/wp\/v2\/media?parent=211053"}],"wp:term":[{"taxonomy":"product_brand","embeddable":true,"href":"https:\/\/www.alucomfort.be\/fr\/wp-json\/wp\/v2\/product_brand?post=211053"},{"taxonomy":"product_cat","embeddable":true,"href":"https:\/\/www.alucomfort.be\/fr\/wp-json\/wp\/v2\/product_cat?post=211053"},{"taxonomy":"product_tag","embeddable":true,"href":"https:\/\/www.alucomfort.be\/fr\/wp-json\/wp\/v2\/product_tag?post=211053"}],"curies":[{"name":"wp","href":"https:\/\/api.w.org\/{rel}","templated":true}]}}

Chariot pour vos palettes norme Europe avec hauteur réglable

<p>* Pour le déplacement de vos palettes norme Europe, * Dim: 1200 x 800 x 655 mm, * Hauteur réglable 655-830 mm, * Revêtement thermolaqué et soudé , disponible en plusieurs couleurs (rouge et bleu), * 2 roues fixes et 2 pivotantes en caoutchouc solider 200 x 50 mm, * Avec freins et sans freins, * Cap: 800 kg,  * En option avec poignée, * Delai de livraison: plus au moins 8 jours.</p>

<p>Chariot pour palette &#8211; Hauteur réglable &#8211; Pour le déplacement de vos palettes norme Europe</p>

<!-- This site is optimized with the Yoast SEO plugin v24.8.1 - https://yoast.com/wordpress/plugins/seo/ -->
<title>Chariot pour palette | Alu Comfort |Votre partenaire pour tous les materiaux!</title>
<meta name="description" content="Pour le déplacement rapide de vos palettes norme Europe. Contactez-Nous!" />
<meta name="robots" content="index, follow, max-snippet:-1, max-image-preview:large, max-video-preview:-1" />
<link rel="canonical" href="https://www.alucomfort.be/product/onderwagen-voor-europallets-in-hoogte-verstelbare-versie/" />
<meta property="og:locale" content="fr_FR" />
<meta property="og:type" content="article" />
<meta property="og:title" content="Chariot pour palette | Alu Comfort |Votre partenaire pour tous les materiaux!" />
<meta property="og:description" content="Pour le déplacement rapide de vos palettes norme Europe. Contactez-Nous!" />
<meta property="og:url" content="https://www.alucomfort.be/product/onderwagen-voor-europallets-in-hoogte-verstelbare-versie/" />
<meta property="og:site_name" content="Alu Comfort" />
<meta property="article:modified_time" content="2022-06-30T14:53:30+00:00" />
<meta property="og:image" content="https://www.alucomfort.be/wp-content/uploads/Palletkar.jpg" />
	<meta property="og:image:width" content="1920" />
	<meta property="og:image:height" content="1690" />
	<meta property="og:image:type" content="image/jpeg" />
<meta name="twitter:card" content="summary_large_image" />
<script type="application/ld+json" class="yoast-schema-graph">{"@context":"https://schema.org","@graph":[{"@type":"WebPage","@id":"https://www.alucomfort.be/product/onderwagen-voor-europallets-in-hoogte-verstelbare-versie/","url":"https://www.alucomfort.be/product/onderwagen-voor-europallets-in-hoogte-verstelbare-versie/","name":"Chariot pour palette | Alu Comfort |Votre partenaire pour tous les materiaux!","isPartOf":{"@id":"https://www.alucomfort.be/#website"},"primaryImageOfPage":{"@id":"https://www.alucomfort.be/product/onderwagen-voor-europallets-in-hoogte-verstelbare-versie/#primaryimage"},"image":{"@id":"https://www.alucomfort.be/product/onderwagen-voor-europallets-in-hoogte-verstelbare-versie/#primaryimage"},"thumbnailUrl":"https://www.alucomfort.be/wp-content/uploads/Palletkar.jpg","datePublished":"2021-01-19T19:57:56+00:00","dateModified":"2022-06-30T14:53:30+00:00","description":"Pour le déplacement rapide de vos palettes norme Europe. Contactez-Nous!","breadcrumb":{"@id":"https://www.alucomfort.be/product/onderwagen-voor-europallets-in-hoogte-verstelbare-versie/#breadcrumb"},"inLanguage":"fr-FR","potentialAction":[{"@type":"ReadAction","target":["https://www.alucomfort.be/product/onderwagen-voor-europallets-in-hoogte-verstelbare-versie/"]}]},{"@type":"ImageObject","inLanguage":"fr-FR","@id":"https://www.alucomfort.be/product/onderwagen-voor-europallets-in-hoogte-verstelbare-versie/#primaryimage","url":"https://www.alucomfort.be/wp-content/uploads/Palletkar.jpg","contentUrl":"https://www.alucomfort.be/wp-content/uploads/Palletkar.jpg","width":1920,"height":1690,"caption":"Palletkar"},{"@type":"BreadcrumbList","@id":"https://www.alucomfort.be/product/onderwagen-voor-europallets-in-hoogte-verstelbare-versie/#breadcrumb","itemListElement":[{"@type":"ListItem","position":1,"name":"Home","item":"https://www.alucomfort.be/fr/"},{"@type":"ListItem","position":2,"name":"Producten","item":"https://www.alucomfort.be/producten/"},{"@type":"ListItem","position":3,"name":"Chariot pour vos palettes norme Europe avec hauteur réglable"}]},{"@type":"WebSite","@id":"https://www.alucomfort.be/#website","url":"https://www.alucomfort.be/","name":"Alu Comfort","description":"","potentialAction":[{"@type":"SearchAction","target":{"@type":"EntryPoint","urlTemplate":"https://www.alucomfort.be/?s={search_term_string}"},"query-input":{"@type":"PropertyValueSpecification","valueRequired":true,"valueName":"search_term_string"}}],"inLanguage":"fr-FR"}]}</script>
<!-- / Yoast SEO plugin. -->

Pour le déplacement rapide de vos palettes norme Europe. Contactez-Nous!
